osite?
True
Is 17653 prime?
False
Is 134033 a prime number?
True
Is 2189 composite?
True
Is 36433 composite?
False
Is 16741 composite?
False
Is 18635 composite?
True
Is 8263 a composite number?
False
Is 4181 a prime number?
False
Is 24663 a composite number?
True
Is 75419 composite?
True
Is 6499 a composite number?
True
Is 216317 prime?
True
Is 58 prime?
False
Is 20663 composite?
False
Is 355177 a prime number?
False
Is 1216009 a prime number?
True
Is 14507 prime?
False
Is 116519 composite?
True
Is 26309 a composite number?
False
Is 102659 a prime number?
False
Is 93407 prime?
True
Is 8633935 a composite number?
True
Is 369713 prime?
False
Is 30829 a composite number?
False
Is 14579 a prime number?
False
Is 198761 prime?
True
Is 3943 composite?
False
Is 153565 a composite number?
True
Is 1536619 composite?
True
Is 24047 composite?
True
Is 219577 a composite number?
False
Is 62617 composite?
False
Is 810947 composite?
True
Is 17245 prime?
False
Is 7613 a prime number?
False
Is 92551 a prime number?
True
Is 466721 prime?
False
Is 26731 prime?
True
Is 130915 prime?
False
Is 1243 a composite number?
True
Is 15547 composite?
True
Is 3429589 a prime number?
True
Is 86239 a prime number?
True
Is 35051 prime?
True
Is 36289 composite?
True
Is 39811 composite?
True
Is 154211 prime?
True
Is 259421 a prime number?
True
Is 469 prime?
False
Is 287039 composite?
True
Is 435679 a composite number?
False
Is 22019 a composite number?
True
Is 99119 a prime number?
True
Is 23591 a prime number?
False
Is 1553597 composite?
False
Is 134791 prime?
False
Is 25 prime?
False
Is 44449 a prime number?
True
Is 1801 composite?
False
Is 5561 prime?
False
Is 94573 a prime number?
True
Is 119307 a prime number?
False
Is 381 a prime number?
False
Is 1979 prime?
True
Is 203969 a prime number?
True
Is 137281 prime?
False
Is 466502 prime?
False
Is 4177 a composite number?
False
Is 314213 a composite number?
False
Is 13343 a composite number?
True
Is 74023 a composite number?
True
Is 24883 a composite number?
True
Is 61107 prime?
False
Is 75967 a prime number?
True
Is 29065 composite?
True
Is 17807 a prime number?
True
Is 393779 a prime number?
True
Is 4037 a prime number?
False
Is 141121 a prime number?
True
Is 2010077 a composite number?
True
Is 64591 composite?
False
Is 58217 composite?
False
Is 832291 a composite number?
False
Is 536891 a composite number?
False
Is 1291579 composite?
False
Is 2393 a composite number?
False
Is 1135637 a prime number?
False
Is 3683 prime?
False
Is 175891 a prime number?
True
Is 307423 composite?
False
Is 670123 prime?
False
Is 6467 a composite number?
True
Is 39191 a prime number?
True
Is 97921 prime?
False
Is 1527031 prime?
False
Is 6509 a prime number?
False
Is 838 composite?
True
Is 41577 composite?
True
Is 24281 a composite number?
False
Is 53471 a composite number?
True
Is 3809 prime?
False
Is 48181 composite?
True
Is 2017 a composite number?
False
Is 829399 a composite number?
False
Is 1770409 a composite number?
False
Is 3974 prime?
False
Is 1993 a prime number?
True
Is 11299 composite?
False
Is 37291 a prime number?
False
Is 60499 a composite number?
True
Is 4282 composite?
True
Is 13173 prime?
False
Is 2924491 a composite number?
False
Is 43373 a prime number?
False
Is 23269 composite?
False
Is 861407 a composite number?
True
Is 322427 a composite number?
True
Is 180643 prime?
False
Is 1397 composite?
True
Is 22901 prime?
True
Is 7619 a prime number?
False
Is 1009 a composite number?
False
Is 126307 prime?
True
Is 144083 prime?
False
Is 6371 a composite number?
True
Is 570569 composite?
False
Is 3137 a prime number?
True
Is 141397 composite?
False
Is 23683 composite?
True
Is 125365 a prime number?
False
Is 8353 a composite number?
False
Is 2609 prime?
True
Is 10771 composite?
False
Is 374307 prime?
False
Is 797 a composite number?
False
Is 5333 a composite number?
False
Is 75373 prime?
False
Is 6347 a composite number?
True
Is 827939 a composite number?
True
Is 7003 composite?
True
Is 1131703 prime?
False
Is 134389 a composite number?
True
Is 128321 prime?
True
Is 744869 prime?
False
Is 151039 prime?
False
Is 2081 a composite number?
False
Is 426633 a prime number?
False
Is 31379 prime?
True
Is 28277 a composite number?
False
Is 485 prime?
False
Is 34757 a composite number?
False
Is 668567 composite?
False
Is 435313 a composite number?
True
Is 5207 a prime number?
False
Is 749015 a prime number?
False
Is 19563 a prime number?
False
Is 66571 a prime number?
True
Is 8495 composite?
True
Is 16411 a prime number?
True
Is 173533 a composite number?
True
Is 2417035 prime?
False
Is 114547 a prime number?
True
Is 1279 prime?
True
Is 71647 composite?
False
Is 4474 a composite number?
True
Is 1004227 a composite number?
True
Is 1319 prime?
True
Is 222329 a prime number?
True
Is 2579 a prime number?
True
Is 65339 a prime number?
False
Is 12763 a prime number?
True
Is 10231 composite?
True
Is 13097 a composite number?
True
Is 544315 a composite number?
True
Is 34693 prime?
True
Is 38359 a prime number?
False
Is 101929 a composite number?
False
Is 1209943 a prime number?
False
Is 126307 prime?
True
Is 405901 composite?
False
Is 19369 a composite number?
True
Is 23651 a prime number?
False
Is 124121 prime?
True
Is 9561 a composite number?
True
Is 304597 a composite number?
False
Is 238993 composite?
True
Is 411287 a composite number?
False
Is 89303 a composite number?
False
Is 930185 prime?
False
Is 20413 prime?
False
Is 69281 composite?
True
Is 4583 a composite number?
False
Is 85339 prime?
False
Is 165673 composite?
False
Is 4003 a composite number?
False
Is 13439 prime?
False
Is 164127 a prime number?
False
Is 86453 a composite number?
False
Is 41731 prime?
False
Is 75053 a prime number?
False
Is 13147 a composite number?
False
Is 2827 a composite number?
True
Is 7513 composite?
True
Is 57259 a prime number?
True
Is 4751 prime?
True
Is 104001 composite?
True
Is 191849 prime?
False
Is 6243 prime?
False
Is 51013 prime?
False
Is 7613 a composite number?
True
Is 2887 composite?
False
Is 2173 composite?
True
Is 772693 prime?
False
Is 78947 a prime number?
False
Is 842 a composite number?
True
Is 73109 a composite number?
True
Is 123649 a composite number?
True
Is 10 prime?
False
Is 28537 composite?
False
Is 51767 a composite number?
False
Is 72665 a composite number?
True
Is 6503 prime?
False
Is 19829 prime?
False
Is 580577 prime?
True
Is 156531 composite?
True
Is 414677 composite?
False
Is 1601 a prime number?
True
Is 19559 composite?
False
Is 145991 composite?
False
Is 136687 a composite number?
True
Is 1118419 a composite number?
False
Is 22721 composite?
False
Is 126631 a composite number?
False
Is 289063 prime?
True
Is 117563 composite?
False
Is 185677 composite?
False
Is 869606 a composite number?
True
Is 22531 composite?
False
Is 96262 composite?
True
Is 10483 a composite number?
True
Is 15959 a composite number?
False
Is 3263 prime?
False
Is 6593 a composite number?
True
Is 18947 prime?
True
Is 4753239 prime?
False
Is 3579 a prime number?
False
Is 2721 a prime number?
False
Is 130459 a prime number?
False
Is 1621955 a composite number?
True
Is 1509 prime?
False
Is 1187 prime?
True
Is 29789 a composite number?
False
Is 292913 a composite number?
True
Is 17527 a prime number?
False
Is 45861 a prime number?
False
Is 5669 composite?
False
Is 623477 a prime number?
True
Is 6637 a composite number?
False
Is 75269 composite?
False
Is 147019 a prime number?
False
Is 52774 prime?
False
Is 10602365 prime?
False
Is 6289 prime?
False
Is 3613 a composite number?
False
Is 1361 prime?
True
Is 3557 prime?
True
Is 1620101 composite?
True
Is 221079 prime?
False
Is 1304689 prime?
False
Is 99017 a prime number?
True
Is 1247737 a composite number?
False
Is 27767 composite?
False
Is 98663 a prime number?
True
Is 11747 prime?
False
Is 27074 composite?
True
Is 312833 composite?
True
Is 70801 a composite number?
True
Is 1834373 composite?
False
Is 18958 prime?
False
Is 98522 a composite number?
True
Is 858877 prime?
True
Is 7829 a composite number?
False
Is 96865 prime?
False
Is 168034 a composite number?
True
Is 56039 composite?
False
Is 208489 a composite number?
False
Is 21427 prime?
False
Is 1451137 a prime number?
False
Is 3233 a prime number?
False
Is 3989 a